
{"id":710,"date":"2020-09-15T13:26:48","date_gmt":"2020-09-15T11:26:48","guid":{"rendered":"https:\/\/astrostrona.pl\/?page_id=710"},"modified":"2020-09-21T13:58:23","modified_gmt":"2020-09-21T11:58:23","slug":"gwiazdozbiory-slownik-polsko-lacinski","status":"publish","type":"page","link":"https:\/\/astrostrona.pl\/?page_id=710","title":{"rendered":"Gwiazdozbiory &#8211; s\u0142ownik polsko-\u0142aci\u0144ski"},"content":{"rendered":"\n<figure class=\"wp-block-table\"><table class=\"ngc2244_stars_at_night_standardTable tablefixed\"><tbody><tr><td>Andromeda<\/td><td><em>Andromeda<\/em><\/td><\/tr><tr><td>Baran<\/td><td><em>Aries<\/em><\/td><\/tr><tr><td>Bli\u017ani\u0119ta<\/td><td><em>Gemini<\/em><\/td><\/tr><tr><td>Byk<\/td><td><em>Taurus<\/em><\/td><\/tr><tr><td>Cefeusz<\/td><td><em>Cepheus<\/em><\/td><\/tr><tr><td>Centaur<\/td><td><em>Centaurus<\/em><\/td><\/tr><tr><td>Cyrkiel<\/td><td><em>Circinus<\/em><\/td><\/tr><tr><td>Delfin<\/td><td><em>Delphinus<\/em><\/td><\/tr><tr><td>Erydan<\/td><td><em>Eridanus<\/em><\/td><\/tr><tr><td>Feniks<\/td><td><em>Phoenix<\/em><\/td><\/tr><tr><td>Go\u0142\u0105b<\/td><td><em>Columba<\/em><\/td><\/tr><tr><td>G\u00f3ra Sto\u0142owa<\/td><td><em>Mensa<\/em><\/td><\/tr><tr><td>Herkules<\/td><td><em>Hercules<\/em><\/td><\/tr><tr><td>Hydra<\/td><td><em>Hydra<\/em><\/td><\/tr><tr><td>Indianin<\/td><td><em>Indus<\/em><\/td><\/tr><tr><td>Jaczurka<\/td><td><em>Lacerta<\/em><\/td><\/tr><tr><td>Jednoro\u017cec<\/td><td><em>Monoceros<\/em><\/td><\/tr><tr><td>Kameleon<\/td><td><em>Chamaeleon<\/em><\/td><\/tr><tr><td>Kasjopea<\/td><td><em>Cassiopea<\/em><\/td><\/tr><tr><td>Kil<\/td><td><em>Carina<\/em><\/td><\/tr><tr><td>Kompas<\/td><td><em>Pyxis<\/em><\/td><\/tr><tr><td>Korona Po\u0142udniowa<\/td><td><em>Corona Australis<\/em><\/td><\/tr><tr><td>Korona P\u00f3\u0142nocna<\/td><td><em>Corona Borealis<\/em><\/td><\/tr><tr><td>Kozioro\u017cec<\/td><td><em>Capricornus<\/em><\/td><\/tr><tr><td>Kruk<\/td><td><em>Corvus<\/em><\/td><\/tr><tr><td>Krzy\u017c Po\u0142udnia<\/td><td><em>Crux<\/em><\/td><\/tr><tr><td>Lataj\u0105ca Ryba<\/td><td><em>Volans<\/em><\/td><\/tr><tr><td>Lew<\/td><td><em>Leo<\/em><\/td><\/tr><tr><td>Lisek<\/td><td><em>Vulpecula<\/em><\/td><\/tr><tr><td>Luneta<\/td><td><em>Telescopium<\/em><\/td><\/tr><tr><td>Lutnia<\/td><td><em>Lyra<\/em><\/td><\/tr><tr><td>Malarz<\/td><td><em>Pictor<\/em><\/td><\/tr><tr><td>Ma\u0142a Nied\u017awiedzica<\/td><td><em>Ursa Minor<\/em><\/td><\/tr><tr><td>Ma\u0142y Lew<\/td><td><em>Leo Minor<\/em><\/td><\/tr><tr><td>Ma\u0142y Pies<\/td><td><em>Canis Minor<\/em><\/td><\/tr><tr><td>Mikroskop<\/td><td><em>Microscopium<\/em><\/td><\/tr><tr><td>Mucha<\/td><td><em>Musca<\/em><\/td><\/tr><tr><td>Oktant<\/td><td><em>Octans<\/em><\/td><\/tr><tr><td>Orion<\/td><td><em>Orion<\/em><\/td><\/tr><tr><td>Orze\u0142<\/td><td><em>Aquila<\/em><\/td><\/tr><tr><td>O\u0142tarz<\/td><td><em>Ara<\/em><\/td><\/tr><tr><td>Panna<\/td><td><em>Virgo<\/em><\/td><\/tr><tr><td>Paw<\/td><td><em>Pavo<\/em><\/td><\/tr><tr><td>Pegaz<\/td><td><em>Pegasus<\/em><\/td><\/tr><tr><td>Perseusz<\/td><td><em>Perseus<\/em><\/td><\/tr><tr><td>Piec<\/td><td><em>Fornax<\/em><\/td><\/tr><tr><td>Pompa<\/td><td><em>Antlia<\/em><\/td><\/tr><tr><td>Psy Go\u0144cze<\/td><td><em>Canes Venatici<\/em><\/td><\/tr><tr><td>Ptak Rajski<\/td><td><em>Apus<\/em><\/td><\/tr><tr><td>Puchar<\/td><td><em>Crater<\/em><\/td><\/tr><tr><td>Rak<\/td><td><em>Cancer<\/em><\/td><\/tr><tr><td>Rufa<\/td><td><em>Puppis<\/em><\/td><\/tr><tr><td>Ryba Po\u0142udniowa<\/td><td><em>Piscis Australis<\/em><\/td><\/tr><tr><td>Ryby<\/td><td><em>Pisces<\/em><\/td><\/tr><tr><td>Rylec<\/td><td><em>Caelum<\/em><\/td><\/tr><tr><td>Ry\u015b<\/td><td><em>Lynx<\/em><\/td><\/tr><tr><td>Rze\u017abiarz<\/td><td><em>Sculptor<\/em><\/td><\/tr><tr><td>Sekstant<\/td><td><em>Sextans<\/em><\/td><\/tr><tr><td>Sie\u0107<\/td><td><em>Reticulum<\/em><\/td><\/tr><tr><td>Skorpion<\/td><td><em>Scorpio<\/em><\/td><\/tr><tr><td>Smok<\/td><td><em>Draco<\/em><\/td><\/tr><tr><td>Strza\u0142a<\/td><td><em>Sagitta<\/em><\/td><\/tr><tr><td>Strzelec<\/td><td><em>Sagittarius<\/em><\/td><\/tr><tr><td>Tarcza<\/td><td><em>Scutum<\/em><\/td><\/tr><tr><td>Tr\u00f3jk\u0105t<\/td><td><em>Triangulum<\/em><\/td><\/tr><tr><td>Tr\u00f3jk\u0105t Po\u0142udniowy<\/td><td><em>Triangulum Australe<\/em><\/td><\/tr><tr><td>Tukan<\/td><td><em>Tucana<\/em><\/td><\/tr><tr><td>Waga<\/td><td><em>Libra<\/em><\/td><\/tr><tr><td>Warkocz Bereniki<\/td><td><em>Coma Berenices<\/em><\/td><\/tr><tr><td>Wielka Nied\u017awiedzica<\/td><td><em>Ursa Maior<\/em><\/td><\/tr><tr><td>Wielki Pies<\/td><td><em>Canis Maior<\/em><\/td><\/tr><tr><td>Wieloryb<\/td><td><em>Cetus<\/em><\/td><\/tr><tr><td>Wilk<\/td><td><em>Lupus<\/em><\/td><\/tr><tr><td>Wodnik<\/td><td><em>Aquarius<\/em><\/td><\/tr><tr><td>Wolarz<\/td><td><em>Arctophylax<\/em><\/td><\/tr><tr><td>Wo\u017anica<\/td><td><em>Auriga<\/em><\/td><\/tr><tr><td>W\u0105\u017c<\/td><td><em>Serpens<\/em><\/td><\/tr><tr><td>W\u0105\u017c Wodny<\/td><td><em>Hydrus<\/em><\/td><\/tr><tr><td>W\u0119gielnica<\/td><td><em>Norma<\/em><\/td><\/tr><tr><td>W\u0119\u017cownik<\/td><td><em>Ophiuchus<\/em><\/td><\/tr><tr><td>Zaj\u0105c<\/td><td><em>Lepus<\/em><\/td><\/tr><tr><td>Zegar<\/td><td><em>Horologium<\/em><\/td><\/tr><tr><td>Z\u0142ota Ryba<\/td><td><em>Dorado<\/em><\/td><\/tr><tr><td>\u0141ab\u0119d\u017a<\/td><td><em>Cygnus<\/em><\/td><\/tr><tr><td>\u0179rebi\u0119<\/td><td><em>Equuleus<\/em><\/td><\/tr><tr><td>\u017bagiel<\/td><td><em>Vela<\/em><\/td><\/tr><tr><td>\u017buraw<\/td><td><em>Grus<\/em><\/td><\/tr><tr><td>\u017byrafa<\/td><td><em>Camelopardalis<\/em><\/td><\/tr><\/tbody><\/table><\/figure>\n\n\n\n<p>Zobacz tak\u017ce:<\/p>\n\n\n\n<ul><li><a href=\"https:\/\/astrostrona.pl\/narzedzia-i-pomoce\/astronomiczny-slownik-lacinski\/gwiazdozbiory-slownik-lacinsko-polski\/\">Gwiazdozbiory \u2013 s\u0142ownik \u0142aci\u0144sko-polski<\/a><\/li><li><a href=\"https:\/\/astrostrona.pl\/narzedzia-i-pomoce\/astronomiczny-slownik-lacinski\/\">Lista wszystkich s\u0142ownik\u00f3w<\/a><\/li><\/ul>\n<div class=\"pvc_clear\"><\/div><p id=\"pvc_stats_710\" class=\"pvc_stats total_only  \" data-element-id=\"710\" style=\"\"><i class=\"pvc-stats-icon small\" aria-hidden=\"true\"><svg xmlns=\"http:\/\/www.w3.org\/2000\/svg\" version=\"1.0\" viewBox=\"0 0 502 315\" preserveAspectRatio=\"xMidYMid meet\"><g transform=\"translate(0,332) scale(0.1,-0.1)\" fill=\"\" stroke=\"none\"><path d=\"M2394 3279 l-29 -30 -3 -207 c-2 -182 0 -211 15 -242 39 -76 157 -76 196 0 15 31 17 60 15 243 l-3 209 -33 29 c-26 23 -41 29 -80 29 -41 0 -53 -5 -78 -31z\"\/><path d=\"M3085 3251 c-45 -19 -58 -50 -96 -229 -47 -217 -49 -260 -13 -295 52 -53 146 -42 177 20 16 31 87 366 87 410 0 70 -86 122 -155 94z\"\/><path d=\"M1751 3234 c-13 -9 -29 -31 -37 -50 -12 -29 -10 -49 21 -204 19 -94 39 -189 45 -210 14 -50 54 -80 110 -80 34 0 48 6 76 34 21 21 34 44 34 59 0 14 -18 113 -40 219 -37 178 -43 195 -70 221 -36 32 -101 37 -139 11z\"\/><path d=\"M1163 3073 c-36 -7 -73 -59 -73 -102 0 -56 133 -378 171 -413 34 -32 83 -37 129 -13 70 36 67 87 -16 290 -86 209 -89 214 -129 231 -35 14 -42 15 -82 7z\"\/><path d=\"M3689 3066 c-15 -9 -33 -30 -42 -48 -48 -103 -147 -355 -147 -375 0 -98 131 -148 192 -74 13 15 57 108 97 206 80 196 84 226 37 273 -30 30 -99 39 -137 18z\"\/><path d=\"M583 2784 c-38 -19 -67 -74 -58 -113 9 -42 211 -354 242 -373 16 -10 45 -18 66 -18 51 0 107 52 107 100 0 39 -1 41 -124 234 -80 126 -108 162 -133 173 -41 17 -61 16 -100 -3z\"\/><path d=\"M4250 2784 c-14 -9 -74 -91 -133 -183 -95 -150 -107 -173 -107 -213 0 -55 33 -94 87 -104 67 -13 90 8 211 198 130 202 137 225 78 284 -27 27 -42 34 -72 34 -22 0 -50 -8 -64 -16z\"\/><path d=\"M2275 2693 c-553 -48 -1095 -270 -1585 -649 -135 -104 -459 -423 -483 -476 -23 -49 -22 -139 2 -186 73 -142 361 -457 571 -626 285 -228 642 -407 990 -497 242 -63 336 -73 660 -74 310 0 370 5 595 52 535 111 1045 392 1455 803 122 121 250 273 275 326 19 41 19 137 0 174 -41 79 -309 363 -465 492 -447 370 -946 591 -1479 653 -113 14 -422 18 -536 8z m395 -428 c171 -34 330 -124 456 -258 112 -119 167 -219 211 -378 27 -96 24 -300 -5 -401 -72 -255 -236 -447 -474 -557 -132 -62 -201 -76 -368 -76 -167 0 -236 14 -368 76 -213 98 -373 271 -451 485 -162 444 86 934 547 1084 153 49 292 57 452 25z m909 -232 c222 -123 408 -262 593 -441 76 -74 138 -139 138 -144 0 -16 -233 -242 -330 -319 -155 -123 -309 -223 -461 -299 l-81 -41 32 46 c18 26 49 83 70 128 143 306 141 649 -6 957 -25 52 -61 116 -79 142 l-34 47 45 -20 c26 -10 76 -36 113 -56z m-2057 25 c-40 -58 -105 -190 -130 -263 -110 -324 -59 -707 132 -981 25 -35 42 -64 37 -64 -19 0 -241 119 -326 174 -188 122 -406 314 -532 468 l-58 71 108 103 c185 178 428 349 672 473 66 33 121 60 123 61 2 0 -10 -19 -26 -42z\"\/><path d=\"M2375 1950 c-198 -44 -350 -190 -395 -379 -18 -76 -8 -221 19 -290 114 -284 457 -406 731 -260 98 52 188 154 231 260 27 69 37 214 19 290 -38 163 -166 304 -326 360 -67 23 -215 33 -279 19z\"\/><\/g><\/svg><\/i> <img loading=\"lazy\" decoding=\"async\" width=\"16\" height=\"16\" alt=\"Loading\" src=\"https:\/\/astrostrona.pl\/wp-content\/plugins\/page-views-count\/ajax-loader-2x.gif\" border=0 \/><\/p><div class=\"pvc_clear\"><\/div>","protected":false},"excerpt":{"rendered":"<p>Andromeda Andromeda Baran Aries Bli\u017ani\u0119ta Gemini Byk Taurus Cefeusz Cepheus Centaur Centaurus Cyrkiel Circinus Delfin Delphinus Erydan Eridanus Feniks Phoenix Go\u0142\u0105b Columba G\u00f3ra Sto\u0142owa Mensa&hellip; <\/p>\n<div class=\"pvc_clear\"><\/div>\n<p id=\"pvc_stats_710\" class=\"pvc_stats total_only  \" data-element-id=\"710\" style=\"\"><i class=\"pvc-stats-icon small\" aria-hidden=\"true\"><svg xmlns=\"http:\/\/www.w3.org\/2000\/svg\" version=\"1.0\" viewBox=\"0 0 502 315\" preserveAspectRatio=\"xMidYMid meet\"><g transform=\"translate(0,332) scale(0.1,-0.1)\" fill=\"\" stroke=\"none\"><path d=\"M2394 3279 l-29 -30 -3 -207 c-2 -182 0 -211 15 -242 39 -76 157 -76 196 0 15 31 17 60 15 243 l-3 209 -33 29 c-26 23 -41 29 -80 29 -41 0 -53 -5 -78 -31z\"\/><path d=\"M3085 3251 c-45 -19 -58 -50 -96 -229 -47 -217 -49 -260 -13 -295 52 -53 146 -42 177 20 16 31 87 366 87 410 0 70 -86 122 -155 94z\"\/><path d=\"M1751 3234 c-13 -9 -29 -31 -37 -50 -12 -29 -10 -49 21 -204 19 -94 39 -189 45 -210 14 -50 54 -80 110 -80 34 0 48 6 76 34 21 21 34 44 34 59 0 14 -18 113 -40 219 -37 178 -43 195 -70 221 -36 32 -101 37 -139 11z\"\/><path d=\"M1163 3073 c-36 -7 -73 -59 -73 -102 0 -56 133 -378 171 -413 34 -32 83 -37 129 -13 70 36 67 87 -16 290 -86 209 -89 214 -129 231 -35 14 -42 15 -82 7z\"\/><path d=\"M3689 3066 c-15 -9 -33 -30 -42 -48 -48 -103 -147 -355 -147 -375 0 -98 131 -148 192 -74 13 15 57 108 97 206 80 196 84 226 37 273 -30 30 -99 39 -137 18z\"\/><path d=\"M583 2784 c-38 -19 -67 -74 -58 -113 9 -42 211 -354 242 -373 16 -10 45 -18 66 -18 51 0 107 52 107 100 0 39 -1 41 -124 234 -80 126 -108 162 -133 173 -41 17 -61 16 -100 -3z\"\/><path d=\"M4250 2784 c-14 -9 -74 -91 -133 -183 -95 -150 -107 -173 -107 -213 0 -55 33 -94 87 -104 67 -13 90 8 211 198 130 202 137 225 78 284 -27 27 -42 34 -72 34 -22 0 -50 -8 -64 -16z\"\/><path d=\"M2275 2693 c-553 -48 -1095 -270 -1585 -649 -135 -104 -459 -423 -483 -476 -23 -49 -22 -139 2 -186 73 -142 361 -457 571 -626 285 -228 642 -407 990 -497 242 -63 336 -73 660 -74 310 0 370 5 595 52 535 111 1045 392 1455 803 122 121 250 273 275 326 19 41 19 137 0 174 -41 79 -309 363 -465 492 -447 370 -946 591 -1479 653 -113 14 -422 18 -536 8z m395 -428 c171 -34 330 -124 456 -258 112 -119 167 -219 211 -378 27 -96 24 -300 -5 -401 -72 -255 -236 -447 -474 -557 -132 -62 -201 -76 -368 -76 -167 0 -236 14 -368 76 -213 98 -373 271 -451 485 -162 444 86 934 547 1084 153 49 292 57 452 25z m909 -232 c222 -123 408 -262 593 -441 76 -74 138 -139 138 -144 0 -16 -233 -242 -330 -319 -155 -123 -309 -223 -461 -299 l-81 -41 32 46 c18 26 49 83 70 128 143 306 141 649 -6 957 -25 52 -61 116 -79 142 l-34 47 45 -20 c26 -10 76 -36 113 -56z m-2057 25 c-40 -58 -105 -190 -130 -263 -110 -324 -59 -707 132 -981 25 -35 42 -64 37 -64 -19 0 -241 119 -326 174 -188 122 -406 314 -532 468 l-58 71 108 103 c185 178 428 349 672 473 66 33 121 60 123 61 2 0 -10 -19 -26 -42z\"\/><path d=\"M2375 1950 c-198 -44 -350 -190 -395 -379 -18 -76 -8 -221 19 -290 114 -284 457 -406 731 -260 98 52 188 154 231 260 27 69 37 214 19 290 -38 163 -166 304 -326 360 -67 23 -215 33 -279 19z\"\/><\/g><\/svg><\/i> <img loading=\"lazy\" decoding=\"async\" width=\"16\" height=\"16\" alt=\"Loading\" src=\"https:\/\/astrostrona.pl\/wp-content\/plugins\/page-views-count\/ajax-loader-2x.gif\" border=0 \/><\/p>\n<div class=\"pvc_clear\"><\/div>\n","protected":false},"author":2,"featured_media":743,"parent":701,"menu_order":0,"comment_status":"closed","ping_status":"closed","template":"","meta":{"inline_featured_image":false,"footnotes":""},"yoast_head":"<!-- This site is optimized with the Yoast SEO plugin v18.7 - https:\/\/yoast.com\/wordpress\/plugins\/seo\/ -->\n<title>Gwiazdozbiory - s\u0142ownik polsko-\u0142aci\u0144ski - astrostrona.pl<\/title>\n<meta name=\"robots\" content=\"index, follow, max-snippet:-1, max-image-preview:large, max-video-preview:-1\" \/>\n<link rel=\"canonical\" href=\"https:\/\/astrostrona.pl\/narzedzia-i-pomoce\/astronomiczny-slownik-lacinski\/gwiazdozbiory-slownik-polsko-lacinski\/\" \/>\n<meta property=\"og:locale\" content=\"pl_PL\" \/>\n<meta property=\"og:type\" content=\"article\" \/>\n<meta property=\"og:title\" content=\"Gwiazdozbiory - s\u0142ownik polsko-\u0142aci\u0144ski - astrostrona.pl\" \/>\n<meta property=\"og:description\" content=\"Andromeda Andromeda Baran Aries Bli\u017ani\u0119ta Gemini Byk Taurus Cefeusz Cepheus Centaur Centaurus Cyrkiel Circinus Delfin Delphinus Erydan Eridanus Feniks Phoenix Go\u0142\u0105b Columba G\u00f3ra Sto\u0142owa Mensa&hellip;\" \/>\n<meta property=\"og:url\" content=\"https:\/\/astrostrona.pl\/narzedzia-i-pomoce\/astronomiczny-slownik-lacinski\/gwiazdozbiory-slownik-polsko-lacinski\/\" \/>\n<meta property=\"og:site_name\" content=\"astrostrona.pl\" \/>\n<meta property=\"article:publisher\" content=\"https:\/\/www.facebook.com\/Astrostrona-113951687113999\" \/>\n<meta property=\"article:modified_time\" content=\"2020-09-21T11:58:23+00:00\" \/>\n<meta property=\"og:image\" content=\"https:\/\/astrostrona.pl\/wp-content\/uploads\/2020\/09\/1660_celestial_map_of_the_constellations_of_the_Southern_Hemisphere-2.jpg\" \/>\n\t<meta property=\"og:image:width\" content=\"800\" \/>\n\t<meta property=\"og:image:height\" content=\"449\" \/>\n\t<meta property=\"og:image:type\" content=\"image\/jpeg\" \/>\n<meta name=\"twitter:card\" content=\"summary_large_image\" \/>\n<meta name=\"twitter:site\" content=\"@astrostrona\" \/>\n<script type=\"application\/ld+json\" class=\"yoast-schema-graph\">{\"@context\":\"https:\/\/schema.org\",\"@graph\":[{\"@type\":\"Organization\",\"@id\":\"https:\/\/astrostrona.pl\/#organization\",\"name\":\"astrostrona.pl\",\"url\":\"https:\/\/astrostrona.pl\/\",\"sameAs\":[\"https:\/\/www.facebook.com\/Astrostrona-113951687113999\",\"https:\/\/www.instagram.com\/astrostrona\/\",\"https:\/\/twitter.com\/astrostrona\"],\"logo\":{\"@type\":\"ImageObject\",\"inLanguage\":\"pl-PL\",\"@id\":\"https:\/\/astrostrona.pl\/#\/schema\/logo\/image\/\",\"url\":\"https:\/\/astrostrona.pl\/wp-content\/uploads\/2020\/09\/logo-BIALE-TLO.svg\",\"contentUrl\":\"https:\/\/astrostrona.pl\/wp-content\/uploads\/2020\/09\/logo-BIALE-TLO.svg\",\"width\":900,\"height\":300,\"caption\":\"astrostrona.pl\"},\"image\":{\"@id\":\"https:\/\/astrostrona.pl\/#\/schema\/logo\/image\/\"}},{\"@type\":\"WebSite\",\"@id\":\"https:\/\/astrostrona.pl\/#website\",\"url\":\"https:\/\/astrostrona.pl\/\",\"name\":\"astrostrona.pl\",\"description\":\"Obserwacje, znaleziska i wykopaliska\",\"publisher\":{\"@id\":\"https:\/\/astrostrona.pl\/#organization\"},\"potentialAction\":[{\"@type\":\"SearchAction\",\"target\":{\"@type\":\"EntryPoint\",\"urlTemplate\":\"https:\/\/astrostrona.pl\/?s={search_term_string}\"},\"query-input\":\"required name=search_term_string\"}],\"inLanguage\":\"pl-PL\"},{\"@type\":\"ImageObject\",\"inLanguage\":\"pl-PL\",\"@id\":\"https:\/\/astrostrona.pl\/narzedzia-i-pomoce\/astronomiczny-slownik-lacinski\/gwiazdozbiory-slownik-polsko-lacinski\/#primaryimage\",\"url\":\"https:\/\/astrostrona.pl\/wp-content\/uploads\/2020\/09\/1660_celestial_map_of_the_constellations_of_the_Southern_Hemisphere-2.jpg\",\"contentUrl\":\"https:\/\/astrostrona.pl\/wp-content\/uploads\/2020\/09\/1660_celestial_map_of_the_constellations_of_the_Southern_Hemisphere-2.jpg\",\"width\":800,\"height\":449,\"caption\":\"Gwiazdozbiory\"},{\"@type\":\"WebPage\",\"@id\":\"https:\/\/astrostrona.pl\/narzedzia-i-pomoce\/astronomiczny-slownik-lacinski\/gwiazdozbiory-slownik-polsko-lacinski\/#webpage\",\"url\":\"https:\/\/astrostrona.pl\/narzedzia-i-pomoce\/astronomiczny-slownik-lacinski\/gwiazdozbiory-slownik-polsko-lacinski\/\",\"name\":\"Gwiazdozbiory - s\u0142ownik polsko-\u0142aci\u0144ski - astrostrona.pl\",\"isPartOf\":{\"@id\":\"https:\/\/astrostrona.pl\/#website\"},\"primaryImageOfPage\":{\"@id\":\"https:\/\/astrostrona.pl\/narzedzia-i-pomoce\/astronomiczny-slownik-lacinski\/gwiazdozbiory-slownik-polsko-lacinski\/#primaryimage\"},\"datePublished\":\"2020-09-15T11:26:48+00:00\",\"dateModified\":\"2020-09-21T11:58:23+00:00\",\"breadcrumb\":{\"@id\":\"https:\/\/astrostrona.pl\/narzedzia-i-pomoce\/astronomiczny-slownik-lacinski\/gwiazdozbiory-slownik-polsko-lacinski\/#breadcrumb\"},\"inLanguage\":\"pl-PL\",\"potentialAction\":[{\"@type\":\"ReadAction\",\"target\":[\"https:\/\/astrostrona.pl\/narzedzia-i-pomoce\/astronomiczny-slownik-lacinski\/gwiazdozbiory-slownik-polsko-lacinski\/\"]}]},{\"@type\":\"BreadcrumbList\",\"@id\":\"https:\/\/astrostrona.pl\/narzedzia-i-pomoce\/astronomiczny-slownik-lacinski\/gwiazdozbiory-slownik-polsko-lacinski\/#breadcrumb\",\"itemListElement\":[{\"@type\":\"ListItem\",\"position\":1,\"name\":\"Strona g\u0142\u00f3wna\",\"item\":\"https:\/\/astrostrona.pl\/\"},{\"@type\":\"ListItem\",\"position\":2,\"name\":\"Narz\u0119dzia i pomoce\",\"item\":\"https:\/\/astrostrona.pl\/narzedzia-i-pomoce\/\"},{\"@type\":\"ListItem\",\"position\":3,\"name\":\"Astronomiczny s\u0142ownik \u0142aci\u0144ski\",\"item\":\"https:\/\/astrostrona.pl\/narzedzia-i-pomoce\/astronomiczny-slownik-lacinski\/\"},{\"@type\":\"ListItem\",\"position\":4,\"name\":\"Gwiazdozbiory &#8211; s\u0142ownik polsko-\u0142aci\u0144ski\"}]}]}<\/script>\n<!-- \/ Yoast SEO plugin. -->","yoast_head_json":{"title":"Gwiazdozbiory - s\u0142ownik polsko-\u0142aci\u0144ski - astrostrona.pl","robots":{"index":"index","follow":"follow","max-snippet":"max-snippet:-1","max-image-preview":"max-image-preview:large","max-video-preview":"max-video-preview:-1"},"canonical":"https:\/\/astrostrona.pl\/narzedzia-i-pomoce\/astronomiczny-slownik-lacinski\/gwiazdozbiory-slownik-polsko-lacinski\/","og_locale":"pl_PL","og_type":"article","og_title":"Gwiazdozbiory - s\u0142ownik polsko-\u0142aci\u0144ski - astrostrona.pl","og_description":"Andromeda Andromeda Baran Aries Bli\u017ani\u0119ta Gemini Byk Taurus Cefeusz Cepheus Centaur Centaurus Cyrkiel Circinus Delfin Delphinus Erydan Eridanus Feniks Phoenix Go\u0142\u0105b Columba G\u00f3ra Sto\u0142owa Mensa&hellip;","og_url":"https:\/\/astrostrona.pl\/narzedzia-i-pomoce\/astronomiczny-slownik-lacinski\/gwiazdozbiory-slownik-polsko-lacinski\/","og_site_name":"astrostrona.pl","article_publisher":"https:\/\/www.facebook.com\/Astrostrona-113951687113999","article_modified_time":"2020-09-21T11:58:23+00:00","og_image":[{"width":800,"height":449,"url":"https:\/\/astrostrona.pl\/wp-content\/uploads\/2020\/09\/1660_celestial_map_of_the_constellations_of_the_Southern_Hemisphere-2.jpg","type":"image\/jpeg"}],"twitter_card":"summary_large_image","twitter_site":"@astrostrona","schema":{"@context":"https:\/\/schema.org","@graph":[{"@type":"Organization","@id":"https:\/\/astrostrona.pl\/#organization","name":"astrostrona.pl","url":"https:\/\/astrostrona.pl\/","sameAs":["https:\/\/www.facebook.com\/Astrostrona-113951687113999","https:\/\/www.instagram.com\/astrostrona\/","https:\/\/twitter.com\/astrostrona"],"logo":{"@type":"ImageObject","inLanguage":"pl-PL","@id":"https:\/\/astrostrona.pl\/#\/schema\/logo\/image\/","url":"https:\/\/astrostrona.pl\/wp-content\/uploads\/2020\/09\/logo-BIALE-TLO.svg","contentUrl":"https:\/\/astrostrona.pl\/wp-content\/uploads\/2020\/09\/logo-BIALE-TLO.svg","width":900,"height":300,"caption":"astrostrona.pl"},"image":{"@id":"https:\/\/astrostrona.pl\/#\/schema\/logo\/image\/"}},{"@type":"WebSite","@id":"https:\/\/astrostrona.pl\/#website","url":"https:\/\/astrostrona.pl\/","name":"astrostrona.pl","description":"Obserwacje, znaleziska i wykopaliska","publisher":{"@id":"https:\/\/astrostrona.pl\/#organization"},"potentialAction":[{"@type":"SearchAction","target":{"@type":"EntryPoint","urlTemplate":"https:\/\/astrostrona.pl\/?s={search_term_string}"},"query-input":"required name=search_term_string"}],"inLanguage":"pl-PL"},{"@type":"ImageObject","inLanguage":"pl-PL","@id":"https:\/\/astrostrona.pl\/narzedzia-i-pomoce\/astronomiczny-slownik-lacinski\/gwiazdozbiory-slownik-polsko-lacinski\/#primaryimage","url":"https:\/\/astrostrona.pl\/wp-content\/uploads\/2020\/09\/1660_celestial_map_of_the_constellations_of_the_Southern_Hemisphere-2.jpg","contentUrl":"https:\/\/astrostrona.pl\/wp-content\/uploads\/2020\/09\/1660_celestial_map_of_the_constellations_of_the_Southern_Hemisphere-2.jpg","width":800,"height":449,"caption":"Gwiazdozbiory"},{"@type":"WebPage","@id":"https:\/\/astrostrona.pl\/narzedzia-i-pomoce\/astronomiczny-slownik-lacinski\/gwiazdozbiory-slownik-polsko-lacinski\/#webpage","url":"https:\/\/astrostrona.pl\/narzedzia-i-pomoce\/astronomiczny-slownik-lacinski\/gwiazdozbiory-slownik-polsko-lacinski\/","name":"Gwiazdozbiory - s\u0142ownik polsko-\u0142aci\u0144ski - astrostrona.pl","isPartOf":{"@id":"https:\/\/astrostrona.pl\/#website"},"primaryImageOfPage":{"@id":"https:\/\/astrostrona.pl\/narzedzia-i-pomoce\/astronomiczny-slownik-lacinski\/gwiazdozbiory-slownik-polsko-lacinski\/#primaryimage"},"datePublished":"2020-09-15T11:26:48+00:00","dateModified":"2020-09-21T11:58:23+00:00","breadcrumb":{"@id":"https:\/\/astrostrona.pl\/narzedzia-i-pomoce\/astronomiczny-slownik-lacinski\/gwiazdozbiory-slownik-polsko-lacinski\/#breadcrumb"},"inLanguage":"pl-PL","potentialAction":[{"@type":"ReadAction","target":["https:\/\/astrostrona.pl\/narzedzia-i-pomoce\/astronomiczny-slownik-lacinski\/gwiazdozbiory-slownik-polsko-lacinski\/"]}]},{"@type":"BreadcrumbList","@id":"https:\/\/astrostrona.pl\/narzedzia-i-pomoce\/astronomiczny-slownik-lacinski\/gwiazdozbiory-slownik-polsko-lacinski\/#breadcrumb","itemListElement":[{"@type":"ListItem","position":1,"name":"Strona g\u0142\u00f3wna","item":"https:\/\/astrostrona.pl\/"},{"@type":"ListItem","position":2,"name":"Narz\u0119dzia i pomoce","item":"https:\/\/astrostrona.pl\/narzedzia-i-pomoce\/"},{"@type":"ListItem","position":3,"name":"Astronomiczny s\u0142ownik \u0142aci\u0144ski","item":"https:\/\/astrostrona.pl\/narzedzia-i-pomoce\/astronomiczny-slownik-lacinski\/"},{"@type":"ListItem","position":4,"name":"Gwiazdozbiory &#8211; s\u0142ownik polsko-\u0142aci\u0144ski"}]}]}},"_links":{"self":[{"href":"https:\/\/astrostrona.pl\/index.php?rest_route=\/wp\/v2\/pages\/710"}],"collection":[{"href":"https:\/\/astrostrona.pl\/index.php?rest_route=\/wp\/v2\/pages"}],"about":[{"href":"https:\/\/astrostrona.pl\/index.php?rest_route=\/wp\/v2\/types\/page"}],"author":[{"embeddable":true,"href":"https:\/\/astrostrona.pl\/index.php?rest_route=\/wp\/v2\/users\/2"}],"replies":[{"embeddable":true,"href":"https:\/\/astrostrona.pl\/index.php?rest_route=%2Fwp%2Fv2%2Fcomments&post=710"}],"version-history":[{"count":0,"href":"https:\/\/astrostrona.pl\/index.php?rest_route=\/wp\/v2\/pages\/710\/revisions"}],"up":[{"embeddable":true,"href":"https:\/\/astrostrona.pl\/index.php?rest_route=\/wp\/v2\/pages\/701"}],"wp:featuredmedia":[{"embeddable":true,"href":"https:\/\/astrostrona.pl\/index.php?rest_route=\/wp\/v2\/media\/743"}],"wp:attachment":[{"href":"https:\/\/astrostrona.pl\/index.php?rest_route=%2Fwp%2Fv2%2Fmedia&parent=710"}],"curies":[{"name":"wp","href":"https:\/\/api.w.org\/{rel}","templated":true}]}}